git of 13916337?
1
What is the hundred thousands digit of 12573890?
5
What is the ten millions digit of 1928607295?
2
What is the hundred thousands digit of 1039712130?
7
What is the tens digit of 705854604?
0
What is the millions digit of 194591128?
4
What is the ten millions digit of 31167792?
3
What is the thousands digit of 148837024?
7
What is the thousands digit of 69941715?
1
What is the tens digit of 18665457?
5
What is the hundreds digit of 1264856813?
8
What is the hundred millions digit of 453531768?
4
What is the hundred millions digit of 101628792?
1
What is the hundred millions digit of 213517271?
2
What is the hundred millions digit of 228594905?
2
What is the millions digit of 54580761?
4
What is the millions digit of 1182189413?
2
What is the hundred millions digit of 188020478?
1
What is the thousands digit of 994531604?
1
What is the hundreds digit of 699194920?
9
What is the hundred thousands digit of 207365359?
3
What is the ten millions digit of 38973813?
3
What is the ten millions digit of 1311521683?
1
What is the ten millions digit of 144166999?
4
What is the ten thousands digit of 96684673?
8
What is the tens digit of 200909108?
0
What is the millions digit of 13890940?
3
What is the thousands digit of 855895012?
5
What is the millions digit of 441439032?
1
What is the hundred thousands digit of 2746920887?
9
What is the hundred thousands digit of 56781153?
7
What is the hundreds digit of 601306509?
5
What is the hundred thousands digit of 105424166?
4
What is the ten millions digit of 18336877?
1
What is the hundred thousands digit of 47171479?
1
What is the tens digit of 5543680054?
5
What is the units digit of 88169045?
5
What is the hundred thousands digit of 267557723?
5
What is the millions digit of 462524584?
2
What is the ten thousands digit of 60949795?
4
What is the ten millions digit of 228155765?
2
What is the ten millions digit of 3477724601?
7
What is the ten thousands digit of 573665451?
6
What is the units digit of 7496026986?
6
What is the millions digit of 238645843?
8
What is the ten millions digit of 1491306436?
9
What is the hundred millions digit of 140530205?
1
What is the ten thousands digit of 1766466?
6
What is the hundred thousands digit of 155732219?
7
What is the tens digit of 29169713?
1
What is the hundreds digit of 3146341630?
6
What is the hundreds digit of 629721301?
3
What is the millions digit of 3915407586?
5
What is the hundreds digit of 490050478?
4
What is the tens digit of 8776360?
6
What is the billions digit of 1610576688?
1
What is the units digit of 154535098?
8
What is the ten millions digit of 82148735?
8
What is the millions digit of 2010892893?
0
What is the units digit of 108476036?
6
What is the ten millions digit of 94223514?
9
What is the ten thousands digit of 69532456?
3
What is the thousands digit of 104619575?
9
What is the ten thousands digit of 1315441922?
4
What is the thousands digit of 136664685?
4
What is the units digit of 25846385?
5
What is the ten millions digit of 33832659?
3
What is the ten thousands digit of 62696902?
9
What is the billions digit of 1667240072?
1
What is the thousands digit of 783075009?
5
What is the millions digit of 7912843021?
2
What is the hundred millions digit of 6202810173?
2
What is the hundred millions digit of 151207024?
1
What is the ten thousands digit of 178112670?
1
What is the billions digit of 4884976159?
4
What is the millions digit of 27050867?
7
What is the units digit of 26397921?
1
What is the ten millions digit of 16329247?
1
What is the hundred millions digit of 823800433?
8
What is the millions digit of 2660380752?
0
What is the hundred thousands digit of 18869135?
8
What is the millions digit of 193114884?
3
What is the ten thousands digit of 416595391?
9
What is the thousands digit of 1028969476?
9
What is the ten millions digit of 1337684052?
3
What is the tens digit of 117936954?
5
What is the hundreds digit of 350429824?
8
What is the tens digit of 2570314365?
6
What is the hundreds digit of 136893736?
7
What is the ten thousands digit of 950210031?
1
What is the billions digit of 5749003838?
5
What is the hundred thousands digit of 44587968?
5
What is the units digit of 344815357?
7
What is the tens digit of 5389441604?
0
What is the thousands digit of 18692357?
2
What is the thousands digit of 8711681?
1
What is the tens digit of 79360911?
1
What is the units digit of 400008533?
3
What is the tens digit of 1841056490?
9
What is the ten thousands digit of 4158276416?
7
What is the hundred millions digit of 633342318?
6
What is the millions digit of 470358747?
0
What is the hundreds digit of 309037868?
8
What is the hundred millions digit of 483840761?
4
What is the ten millions digit of 4187897429?
8
What is the millions digit of 242398178?
2
What is the ten thousands digit of 619731210?
3
What is the hundreds digit of 47056581?
5
What is the ten millions digit of 723406346?
2
What is the millions digit of 532068042?
2
What is the hundreds digit of 52247463?
4
What is the thousands digit of 333974658?
4
What is the tens digit of 1556379540?
4
What is the units digit of 1907590365?
5
What is the thousands digit of 265820037?
0
What is the ten millions digit of 202273542?
0
What is the millions digit of 3121675048?
1
What is the hundred thousands digit of 68374492?
3
What is the tens digit of 91008149?
4
What is the units digit of 242166879?
9
What is the units digit of 1362881360?
0
What is the hundred millions digit of 1361565025?
3
What is the ten millions digit of 687815850?
8
What is the millions digit of 1640793760?
0
What is the hundred thousands digit of 804017014?
0
What is the thousands digit of 74657192?
7
What is the billions digit of 2400759475?
2
What is the millions digit of 4233714963?
3
What is the ten thousands digit of 31505973?
0
What is the ten millions digit of 597737997?
9
What is the tens digit of 18767881?
8
What is the hundred thousands digit of 88595971?
5
What is the units digit of 2123586?
6
What is the hundreds digit of 46710008?
0
What is the billions digit of 1833275803?
1
What is the ten thousands digit of 119785712?
8
What is the tens digit of 7069421?
2
What is the hundreds digit of 258461279?
2
What is the ten thousands digit of 195510483?
1
What is the tens digit of 99031009?
0
What is the tens digit of 13523222?
2
What is the units digit of 40528104?
4
What is the millions digit of 1113871371?
3
What is the units digit of 51526684?
4
What is the hundreds digit of 328421242?
2
What is the hundreds digit of 1025289908?
9
What is the hundred millions digit of 218252257?
2
What is the units digit of 421650572?
2
What is the millions digit of 98183546?
8
What is the thousands digit of 16333518?
3
What is the ten thousands digit of 28779661?
7
What is the ten millions digit of 238098221?
3
What is the tens digit of 465393315?
1
What is the hundreds digit of 8480832?
8
What is the hundred millions digit of 244064779?
2
What is the hundreds digit of 1117693075?
0
What is the tens digit of 1188012221?
2
What is the units digit of 7879603187?
7
What is the millions digit of 103434463?
3
What is the hundreds digit of 370445077?
0
What is the tens digit of 230328621?
2
What is the hundreds digit of 660878512?
5
What is the billions digit of 3971126747?
3
What is the ten thousands digit of 2727504523?
0
What is the units digit of 1202088768?
8
What is the millions digit of 1232075598?
2
What is the millions digit of 298121669?
8
What is the millions digit of 4381129967?
1
What is the units digit of 2148943591?
1
What is the tens digit of 630601608?
0
What is the ten thousands digit of 44927526?
2
What is the thousands digit of 146112118?
2
What is the millions digit of 13663115?
3
What is the hundred thousands digit of 216379127?
3
What is the ten millions digit of 29882317?
2
What is the ten thousands digit of 17581795?
8
What is the tens digit of 7621876127?
2
What is the ten thousands digit of 2043290838?
9
What is the ten millions digit of 6309025335?
0
What is the ten thousands digit of 1204009648?
0
What is the ten thousands digit of 6053626526?
2
What is the millions digit of 316609454?
6
What is the tens digit of 918837330?
3
What is the units digit of 51662495?
5
Wh